common divisor of 2269568 and 171052?
4172
Calculate the highest common divisor of 36 and 11911428.
36
Calculate the highest common divisor of 2513697 and 7248.
453
What is the highest common factor of 13211568 and 632592?
3312
What is the greatest common divisor of 586158 and 941742?
2778
Calculate the greatest common factor of 20237 and 5592433.
413
Calculate the greatest common divisor of 100625 and 33166.
161
What is the greatest common factor of 1590 and 22218130?
530
Calculate the greatest common divisor of 4800512 and 512.
512
What is the highest common divisor of 78460564 and 312?
52
Calculate the greatest common factor of 1216 and 6917248.
64
What is the highest common divisor of 13181415 and 3945?
15
What is the highest common divisor of 36673 and 11687?
403
What is the greatest common factor of 161140 and 2262540?
140
What is the greatest common factor of 484 and 7861876?
44
Calculate the greatest common divisor of 2929862 and 1053.
13
Calculate the highest common factor of 2846510 and 370.
10
Calculate the greatest common divisor of 329184 and 4768.
32
What is the highest common factor of 2519980 and 80?
20
What is the highest common divisor of 27099817 and 5349?
1783
Calculate the highest common factor of 17718537 and 645.
129
Calculate the highest common factor of 33793343 and 76.
19
What is the greatest common divisor of 487547 and 1378?
53
Calculate the greatest common factor of 801372 and 82.
2
Calculate the greatest common divisor of 10600 and 1387275.
1325
What is the highest common factor of 66355 and 3663950?
2885
What is the highest common divisor of 1098 and 37068516?
18
What is the greatest common factor of 12142364 and 2368?
148
What is the greatest common factor of 270 and 17390290?
10
What is the highest common divisor of 9520 and 664955?
85
What is the highest common factor of 104006 and 9214?
34
Calculate the greatest common factor of 1259 and 32491013.
1259
What is the greatest common divisor of 21468 and 651?
3
Calculate the highest common factor of 2088 and 236366211.
87
What is the greatest common divisor of 4748029 and 16445?
143
Calculate the highest common factor of 1589310 and 7290.
90
What is the highest common divisor of 33181920 and 3240?
1080
Calculate the greatest common divisor of 60804477 and 369.
9
What is the highest common divisor of 55262200 and 3430?
490
Calculate the greatest common factor of 1128 and 71769.
141
What is the greatest common divisor of 34080116 and 462?
14
Calculate the greatest common divisor of 140360 and 5908.
4
What is the highest common divisor of 5124416 and 88?
88
What is the greatest common divisor of 1493109400 and 2300?
2300
Calculate the greatest common divisor of 719820 and 9703.
31
Calculate the greatest common factor of 588141 and 1296.
81
Calculate the greatest common divisor of 150 and 24732075.
75
What is the greatest common divisor of 6929 and 5244187?
533
What is the greatest common factor of 165775 and 57?
19
Calculate the highest common divisor of 62338313 and 18151.
2593
Calculate the greatest common factor of 121 and 11026609.
121
What is the greatest common divisor of 73 and 1685456777?
73
What is the highest common divisor of 614197 and 131273?
251
What is the greatest common factor of 20 and 2926910?
10
Calculate the greatest common divisor of 1365 and 3823113.
21
What is the highest common factor of 2953015 and 130?
65
Calculate the greatest common divisor of 342 and 2346329.
19
What is the greatest common divisor of 161752482 and 681?
681
Calculate the highest common factor of 404376 and 12054.
42
Calculate the greatest common divisor of 35425 and 1170520.
65
Calculate the highest common divisor of 327 and 366055681.
109
Calculate the highest common divisor of 5495115223 and 949.
949
Calculate the highest common factor of 42023296 and 168.
56
Calculate the greatest common divisor of 8186272 and 8742.
94
Calculate the greatest common divisor of 3747 and 5346.
3
What is the highest common factor of 1002 and 26426414?
334
Calculate the greatest common divisor of 5 and 52914605.
5
Calculate the highest common divisor of 1642230 and 317370.
2130
What is the highest common factor of 66 and 2145407946?
66
What is the highest common divisor of 5937538 and 2378?
82
Calculate the greatest common factor of 214 and 388745338.
214
Calculate the greatest common divisor of 41885073 and 222.
111
What is the greatest common divisor of 621 and 18060106?
23
Calculate the greatest common factor of 10 and 1667416.
2
Calculate the highest common factor of 123621 and 156729.
267
Calculate the greatest common divisor of 121213 and 7332.
47
Calculate the highest common factor of 71423734 and 4313.
227
Calculate the greatest common factor of 1470259 and 2380.
7
Calculate the greatest common divisor of 8 and 10024276.
4
Calculate the highest common divisor of 65 and 67488083.
13
Calculate the highest common divisor of 960 and 1718610.
30
Calculate the greatest common divisor of 322 and 9687232.
46
Calculate the greatest common divisor of 114 and 150918.
6
What is the highest common divisor of 15912259 and 21330?
79
What is the highest common divisor of 2144 and 735296?
32
Calculate the highest common factor of 30102 and 342021.
519
What is the highest common divisor of 752 and 456276?
188
Calculate the highest common divisor of 451195306 and 194.
194
Calculate the greatest common factor of 17194257 and 358272.
2799
What is the highest common factor of 39062431 and 318?
53
What is the greatest common divisor of 12439687 and 656?
41
Calculate the greatest common factor of 18500 and 2039500.
500
Calculate the highest common factor of 788039 and 182.
7
What is the greatest common factor of 68325 and 32919?
3
What is the greatest common divisor of 63395442 and 198?
198
Calculate the highest common divisor of 6472 and 7949234.
1618
What is the highest common factor of 16705 and 2184?
13
Calculate the highest common divisor of 1802 and 7405319.
901
Calculate the highest common factor of 170 and 66511395.
85
Calculate the highest common divisor of 4134325 and 21905.
65
Calculate the greatest common factor of 1474737 and 3795.
759
What is the highest common divisor of 454107 and 248007?
687
What is the greatest common factor of 2653211 and 12397?
253
Calculate the highest common factor of 94 and 12227426.
94
Calculate the highest common factor of 222 and 63633488.
74
Calculate the greatest common factor of 442692 and 392796.
108
What is the highest common factor of 6396 and 1084356?
156
What is the greatest common divisor of 63207856 and 1504?
752
What is the greatest common factor of 29309 and 10254069?
371
What is the greatest common factor of 13230 and 16055550?
1890
Calculate the highest common divisor of 2162410 and 2525.
505
What is the greatest common factor of 494921 and 5729?
17
What is the highest common divisor of 9605039 and 2494?
43
Calculate the greatest common factor of 21151526 and 363.
121
Calculate the highest common factor of 1778 and 1127355124.
1778
Calculate the highest common factor of 253 and 360744571.
11
What is the greatest common factor of 57 and 2242299?
3
What is the greatest common factor of 18 and 21450732?
6
Calculate the highest common factor of 218034849 and 9279.
3093
Calculate the greatest common factor of 22568 and 1540.
28
What is the greatest common factor of 1027364 and 7774?
598
What is the highest common factor of 213292 and 1412?
4
What is the highest common divisor of 603 and 86519646?
603
Calculate the greatest common divisor of 15372082 and 44.
22
What is the greatest common divisor of 45825 and 3040900?
1175
Calculate the highest common divisor of 18627 and 9757.
887
What is the highest common divisor of 2416930 and 79790?
1010
What is the highest common divisor of 10615 and 18920?
55
Calculate the greatest common factor of 1974 and 31808.
14
Calculate the greatest common divisor of 166877 and 3705.
19
Calculate the greatest common divisor of 456211 and 13755.
7
What is the highest common factor of 19600 and 1742342?
98
What is the greatest common factor of 12822149 and 655?
131
Calculate the highest common divisor of 141 and 3938788.
47
What is the highest common divisor of 719749387 and 7693?
7693
What is the highest common factor of